he tens digit of 3557436731?
3
What is the units digit of 3172512181?
1
What is the tens digit of 1380272233?
3
What is the hundred thousands digit of 5949342?
9
What is the hundreds digit of 14081701?
7
What is the millions digit of 4371159805?
1
What is the hundred thousands digit of 24016812?
0
What is the ten millions digit of 42128843?
4
What is the units digit of 1653836200?
0
What is the ten thousands digit of 303284942?
8
What is the billions digit of 1826715133?
1
What is the hundred thousands digit of 21864930?
8
What is the tens digit of 370828418?
1
What is the ten millions digit of 511261559?
1
What is the hundred thousands digit of 7403323?
4
What is the tens digit of 7102004758?
5
What is the hundreds digit of 320324038?
0
What is the hundred thousands digit of 288117122?
1
What is the units digit of 103281645?
5
What is the thousands digit of 153014982?
4
What is the units digit of 166439040?
0
What is the ten thousands digit of 528652404?
5
What is the hundred thousands digit of 5044627902?
6
What is the units digit of 124883525?
5
What is the millions digit of 124158111?
4
What is the hundreds digit of 93639603?
6
What is the ten thousands digit of 247512637?
1
What is the ten millions digit of 39408450?
3
What is the thousands digit of 2070204589?
4
What is the hundreds digit of 82860675?
6
What is the hundred thousands digit of 50434537?
4
What is the hundred thousands digit of 51667961?
6
What is the tens digit of 182998719?
1
What is the hundred thousands digit of 24340711?
3
What is the hundreds digit of 130797068?
0
What is the ten millions digit of 24880893?
2
What is the units digit of 26718824?
4
What is the ten millions digit of 95009236?
9
What is the hundreds digit of 62624276?
2
What is the tens digit of 14153598?
9
What is the ten millions digit of 1409903830?
0
What is the millions digit of 385465857?
5
What is the ten millions digit of 450787851?
5
What is the hundreds digit of 2945461683?
6
What is the millions digit of 68916296?
8
What is the ten millions digit of 102240405?
0
What is the units digit of 200222913?
3
What is the ten thousands digit of 119962281?
6
What is the thousands digit of 720457048?
7
What is the ten thousands digit of 91075906?
7
What is the tens digit of 36654877?
7
What is the hundred thousands digit of 1313072783?
0
What is the ten thousands digit of 4792909?
9
What is the hundred thousands digit of 200241893?
2
What is the thousands digit of 385363887?
3
What is the hundred millions digit of 1343556419?
3
What is the millions digit of 1526855590?
6
What is the hundred millions digit of 111258128?
1
What is the hundred thousands digit of 323898425?
8
What is the ten millions digit of 978238605?
7
What is the tens digit of 194823467?
6
What is the thousands digit of 5803469?
3
What is the tens digit of 1916213480?
8
What is the ten thousands digit of 5556239?
5
What is the units digit of 28073549?
9
What is the tens digit of 60530640?
4
What is the hundreds digit of 743628925?
9
What is the millions digit of 12813586?
2
What is the thousands digit of 2504210966?
0
What is the units digit of 52639983?
3
What is the ten thousands digit of 8125214137?
1
What is the millions digit of 3429531051?
9
What is the thousands digit of 8113172?
3
What is the ten thousands digit of 359796760?
9
What is the hundreds digit of 769766918?
9
What is the tens digit of 54274572?
7
What is the ten millions digit of 132178381?
3
What is the tens digit of 376045777?
7
What is the units digit of 157346627?
7
What is the hundred thousands digit of 37969450?
9
What is the units digit of 52891750?
0
What is the ten thousands digit of 191753230?
5
What is the ten thousands digit of 25079046?
7
What is the tens digit of 166149245?
4
What is the billions digit of 3937452824?
3
What is the hundreds digit of 65106570?
5
What is the thousands digit of 25566559?
6
What is the millions digit of 881467880?
1
What is the thousands digit of 6894540801?
0
What is the hundreds digit of 630795424?
4
What is the millions digit of 109660352?
9
What is the tens digit of 7794386432?
3
What is the units digit of 59498338?
8
What is the tens digit of 74640420?
2
What is the hundred thousands digit of 180356441?
3
What is the ten thousands digit of 2848843875?
4
What is the hundred millions digit of 5410078638?
4
What is the ten millions digit of 1889985904?
8
What is the hundred thousands digit of 2896369468?
3
What is the billions digit of 3091737291?
3
What is the ten thousands digit of 1148065843?
6
What is the millions digit of 1172487256?
2
What is the tens digit of 2030248382?
8
What is the hundred thousands digit of 132052799?
0
What is the millions digit of 77302285?
7
What is the billions digit of 1336751554?
1
What is the units digit of 1469440099?
9
What is the hundred thousands digit of 2613374812?
3
What is the hundred millions digit of 317649618?
3
What is the hundred thousands digit of 6108426187?
4
What is the millions digit of 9194144?
9
What is the hundreds digit of 2655958669?
6
What is the tens digit of 376874602?
0
What is the hundreds digit of 40996113?
1
What is the units digit of 226090445?
5
What is the tens digit of 58081994?
9
What is the hundred thousands digit of 369805620?
8
What is the hundred thousands digit of 33553075?
5
What is the ten millions digit of 804501460?
0
What is the hundred thousands digit of 58029567?
0
What is the ten millions digit of 515898559?
1
What is the ten thousands digit of 48082477?
8
What is the hundreds digit of 173334430?
4
What is the hundred thousands digit of 4542518162?
5
What is the hundreds digit of 887652964?
9
What is the ten millions digit of 146234593?
4
What is the hundred millions digit of 187610493?
1
What is the units digit of 1682567716?
6
What is the ten millions digit of 5107559786?
0
What is the thousands digit of 63182275?
2
What is the hundreds digit of 9542237?
2
What is the ten millions digit of 254662063?
5
What is the hundreds digit of 664218253?
2
What is the thousands digit of 878802749?
2
What is the millions digit of 32867987?
2
What is the thousands digit of 680807652?
7
What is the tens digit of 178083454?
5
What is the millions digit of 84198562?
4
What is the ten thousands digit of 696055696?
5
What is the ten thousands digit of 61432270?
3
What is the hundred thousands digit of 20043637?
0
What is the tens digit of 137279026?
2
What is the hundreds digit of 1983140168?
1
What is the millions digit of 390043404?
0
What is the ten millions digit of 253292292?
5
What is the tens digit of 4392586807?
0
What is the billions digit of 2781900009?
2
What is the tens digit of 69614645?
4
What is the units digit of 72562480?
0
What is the hundred thousands digit of 834044967?
0
What is the hundreds digit of 574082537?
5
What is the millions digit of 394522703?
4
What is the hundred millions digit of 611939851?
6
What is the hundred thousands digit of 40100876?
1
What is the ten thousands digit of 182420274?
2
What is the thousands digit of 159945050?
5
What is the hundred millions digit of 2079979563?
0
What is the ten thousands digit of 6758450749?
5
What is the units digit of 111695425?
5
What is the units digit of 254545511?
1
What is the hundred thousands digit of 168363983?
3
What is the hundreds digit of 59921193?
1
What is the hundreds digit of 2557904914?
9
What is the hundreds digit of 129411147?
1
What is the hundred thousands digit of 170950101?
9
What is the units digit of 125049709?
9
What is the hundreds digit of 3922850?
8
What is the billions digit of 3420484526?
3
What is the thousands digit of 164380001?
0
What is the hundred thousands digit of 204799043?
7
What is the thousands digit of 567002079?
2
What is the thousands digit of 278519885?
9
What is the ten thousands digit of 334368069?
6
What is the hundred millions digit of 528547154?
5
What is the hundred thousands digit of 97729761?
7
What is the tens digit of 29817285?
8
What is the millions digit of 74605193?
4
What is the hundreds digit of 63539208?
2
What is the tens digit of 1813465312?
1
What is the ten millions digit of 78087376?
7
What is the units digit of 65534206?
6
What is the millions digit of 2120206978?
0
What is the ten thousands digit of 273427070?
2
